ors of 9780739?
101, 179, 541
List the prime factors of 541760328.
2, 3, 7524449
What are the prime factors of 82010559?
3, 277, 98689
List the prime factors of 527774218.
2, 263887109
List the prime factors of 449720897.
449720897
List the prime factors of 585334627.
1187, 493121
What are the prime factors of 36608264?
2, 7, 11, 67, 887
What are the prime factors of 25264235?
5, 23, 219689
List the prime factors of 196885205.
5, 11, 29, 123439
What are the prime factors of 136852214?
2, 68426107
List the prime factors of 324844977.
3, 108281659
List the prime factors of 304242276.
2, 3, 13, 1950271
List the prime factors of 24478575.
3, 5, 11, 29671
What are the prime factors of 1376909340?
2, 3, 5, 22948489
What are the prime factors of 3294332042?
2, 41, 97, 337, 1229
What are the prime factors of 38219121?
3, 471841
List the prime factors of 797653504.
2, 97, 16061
List the prime factors of 383993949.
3, 127997983
What are the prime factors of 223662120?
2, 3, 5, 11, 23, 53, 139
What are the prime factors of 795482944?
2, 61, 203761
List the prime factors of 88053596.
2, 22013399
What are the prime factors of 134413766?
2, 67206883
What are the prime factors of 302731590?
2, 3, 5, 7, 1441579
What are the prime factors of 3383736417?
3, 4211, 29761
What are the prime factors of 349240185?
3, 5, 7, 29, 38231
What are the prime factors of 201733882?
2, 7, 311, 6619
What are the prime factors of 781348530?
2, 3, 5, 191, 136361
List the prime factors of 4394258262.
2, 3, 223, 121637
What are the prime factors of 2800530579?
3, 7, 11, 47, 257947
List the prime factors of 26485344.
2, 3, 41, 2243
List the prime factors of 4901435.
5, 7, 11, 29, 439
What are the prime factors of 47017154?
2, 1061, 22157
List the prime factors of 9051224922.
2, 3, 502845829
List the prime factors of 53694880.
2, 5, 23, 14591
List the prime factors of 2753981292.
2, 3, 229498441
What are the prime factors of 2631419722?
2, 419, 827, 3797
What are the prime factors of 917577536?
2, 14337149
What are the prime factors of 6841388?
2, 1710347
What are the prime factors of 183162199?
11, 17, 61, 16057
What are the prime factors of 2540741436?
2, 3, 79, 331, 2699
List the prime factors of 1014884619.
3, 7, 6903977
What are the prime factors of 815099310?
2, 3, 5, 137, 66107
What are the prime factors of 3490111166?
2, 73, 23904871
List the prime factors of 1865039753.
19, 98159987
List the prime factors of 140243826.
2, 3, 19, 29, 59, 719
List the prime factors of 896366248.
2, 112045781
What are the prime factors of 244630809?
3, 27181201
List the prime factors of 1473252007.
59, 211, 118343
List the prime factors of 224039525.
5, 137, 65413
List the prime factors of 121427972.
2, 3541, 8573
List the prime factors of 57876039.
3, 13, 31, 197
List the prime factors of 241805080.
2, 5, 11, 53, 10369
List the prime factors of 24870567.
3, 23, 47, 7669
List the prime factors of 5670151257.
3, 1890050419
What are the prime factors of 229847095?
5, 45969419
List the prime factors of 238234202.
2, 119117101
List the prime factors of 82808645.
5, 73, 307, 739
What are the prime factors of 126854342?
2, 63427171
List the prime factors of 37647799.
7, 41, 47, 2791
What are the prime factors of 50554772?
2, 29, 435817
What are the prime factors of 38430066?
2, 3, 6405011
List the prime factors of 595702546.
2, 297851273
List the prime factors of 113893137.
3, 12654793
What are the prime factors of 466345234?
2, 19, 41, 43, 6961
What are the prime factors of 46543165?
5, 457, 20369
List the prime factors of 25359229.
7, 3622747
What are the prime factors of 40714385?
5, 89, 91493
What are the prime factors of 159336661?
11, 14485151
What are the prime factors of 204083405?
5, 40816681
What are the prime factors of 1565426473?
13, 19, 6337759
What are the prime factors of 463428758?
2, 13, 29, 47279
What are the prime factors of 9707808?
2, 3, 11, 29, 317
List the prime factors of 1629968782.
2, 13, 62691107
What are the prime factors of 38881826?
2, 59, 109, 3023
List the prime factors of 1161038534.
2, 233, 2491499
List the prime factors of 7427689.
19, 23, 739
List the prime factors of 5728896006.
2, 3, 954816001
What are the prime factors of 90087693?
3, 2053, 14627
List the prime factors of 3327914914.
2, 31, 1129, 47543
List the prime factors of 2088043664.
2, 7, 61, 43661
List the prime factors of 10788083.
1223, 8821
What are the prime factors of 272659972?
2, 13, 29, 47, 3847
What are the prime factors of 273044931?
3, 31, 347, 8461
List the prime factors of 6551304947.
11, 43, 271, 51109
List the prime factors of 34816861.
34816861
What are the prime factors of 71953019?
19, 103, 36767
What are the prime factors of 7380305?
5, 43, 34327
What are the prime factors of 57970917?
3, 2147071
What are the prime factors of 44072314?
2, 11, 13, 14009
List the prime factors of 950127708.
2, 3, 79177309
What are the prime factors of 50661811?
29, 283, 6173
List the prime factors of 66175421.
13, 31, 5297
List the prime factors of 1144923410.
2, 5, 163, 702407
List the prime factors of 393510638.
2, 131, 1501949
List the prime factors of 59223633.
3, 7, 521, 5413
What are the prime factors of 203170893?
3, 17, 101, 39443
What are the prime factors of 2529386?
2, 641, 1973
List the prime factors of 41096956.
2, 17, 73, 487
List the prime factors of 2079577309.
17, 31, 43, 163, 563
What are the prime factors of 2210812236?
2, 3, 83, 139, 5323
List the prime factors of 573434924.
2, 59, 2429809
What are the prime factors of 88500621?
3, 11, 89, 30133
What are the prime factors of 75086659?
75086659
What are the prime factors of 905708965?
5, 7, 599, 43201
List the prime factors of 105613888.
2, 47, 35111
What are the prime factors of 130902156?
2, 3, 7, 11, 53
List the prime factors of 2831358566.
2, 29, 41, 1190647
List the prime factors of 22621809.
3, 7, 113, 9533
What are the prime factors of 71401632?
2, 3, 17, 67, 653
What are the prime factors of 349187157?
3, 11, 17, 207479
List the prime factors of 5883926.
2, 29, 229, 443
List the prime factors of 408345911.
408345911
What are the prime factors of 549524818?
2, 15053, 18253
List the prime factors of 4360007129.
457, 9540497
List the prime factors of 17375367.
3, 19, 304831
List the prime factors of 1235144817.
3, 151, 908863
What are the prime factors of 82171789?
7, 19, 317, 1949
What are the prime factors of 53831509?
53831509
List the prime factors of 136726498.
2, 43, 61, 67, 389
What are the prime factors of 37198880?
2, 5, 29, 8017
List the prime factors of 48050028.
2, 3, 13, 83, 1237
List the prime factors of 2261605986.
2, 3, 19, 6612883
List the prime factors of 532573976.
2, 11, 6051977
List the prime factors of 101885862.
2, 3, 13, 17, 76837
What are the prime factors of 118821612?
2, 3, 7, 13, 233, 467
What are the prime factors of 238649666?
2, 119324833
List the prime factors of 867842679.
3, 11, 26298263
What are the prime factors of 524181019?
524181019
What are the prime factors of 607304032?
2, 18978251
What are the prime factors of 20515634?
2, 17, 603401
What are the prime factors of 49039149?
3, 16346383
List the prime factors of 728302842.
2, 3, 89, 383, 1187
List the prime factors of 264654670.
2, 5, 7, 3780781
What are the prime factors of 15396815?
5, 7, 17, 113, 229
What are the prime factors of 150823658?
2, 47, 409, 3923
List the prime factors of 497249991.
3, 7, 71, 15881
What are the prime factors of 758307942?
2, 3, 7, 6018317
What are the prime factors of 130046612?
2, 31, 353, 2971
What are the prime factors of 673337093?
11, 13, 61, 77191
List the prime factors of 247560106.
2, 59, 2097967
List the prime factors of 567596133.
3, 13, 53, 2347
What are the prime factors of 3083424364?
2, 127, 397, 15289
List the prime factors of 562053008.
2, 11, 3193483
What are the prime factors of 180023705?
5, 36004741
List the prime factors of 724143094.
2, 362071547
What are the prime factors of 241721841?
3, 137, 588131
What are the prime factors of 398742590?
2, 5, 1879, 21221
List the prime factors of 1686746307.
3, 17, 1409, 23473
List the prime factors of 17451219.
3, 5817073
What are the prime factors of 4079188530?
2, 3, 5, 97, 467261
List the prime factors of 53782286.
2, 1237, 21739
List the 